at are the prime factors of 8174978?
2, 7, 19, 73, 421
What are the prime factors of 178447672?
2, 13, 29, 59167
List the prime factors of 109508871.
3, 349, 104593
List the prime factors of 660471008.
2, 19, 1086301
List the prime factors of 41950148.
2, 101, 103837
What are the prime factors of 1719422667?
3, 47, 1354943
What are the prime factors of 851687594?
2, 3623, 117539
What are the prime factors of 114648855?
3, 5, 7643257
What are the prime factors of 71549854?
2, 3271, 10937
What are the prime factors of 47606820?
2, 3, 5, 793447
List the prime factors of 95914307.
223, 383, 1123
What are the prime factors of 3560795768?
2, 445099471
What are the prime factors of 827123540?
2, 5, 1847, 22391
What are the prime factors of 204952466?
2, 102476233
List the prime factors of 63258309.
3, 17, 29, 53, 269
What are the prime factors of 1451078881?
7, 229, 905227
List the prime factors of 2508556928.
2, 19, 1031479
List the prime factors of 65221983.
3, 2415629
List the prime factors of 5150692.
2, 67, 19219
What are the prime factors of 436945884?
2, 3, 36412157
What are the prime factors of 1014053373?
3, 112672597
List the prime factors of 1126069728.
2, 3, 7, 1109, 1511
List the prime factors of 241376629.
13, 18567433
List the prime factors of 2738525742.
2, 3, 152140319
What are the prime factors of 15103885?
5, 367, 8231
List the prime factors of 76790439.
3, 11, 775661
What are the prime factors of 3494412563?
23, 2693, 56417
List the prime factors of 125485726.
2, 29, 2163547
What are the prime factors of 80647999?
163, 241, 2053
List the prime factors of 3336504435.
3, 5, 11, 1237, 5449
List the prime factors of 416180430.
2, 3, 5, 61, 8423
List the prime factors of 2696229311.
2696229311
List the prime factors of 631917473.
11, 57447043
What are the prime factors of 168940468?
2, 53, 796889
List the prime factors of 411103439.
79, 5203841
What are the prime factors of 122396231?
122396231
What are the prime factors of 37806237?
3, 7, 200033
List the prime factors of 2971127018.
2, 907, 1637887
What are the prime factors of 41755213?
17, 79, 31091
List the prime factors of 5533139553.
3, 71, 401, 64781
List the prime factors of 198265060.
2, 5, 7, 23, 67, 919
What are the prime factors of 290815180?
2, 5, 14540759
List the prime factors of 31117077.
3, 3457453
What are the prime factors of 3491466434?
2, 1745733217
What are the prime factors of 153496981?
11, 991, 14081
What are the prime factors of 260606820?
2, 3, 5, 1531, 2837
List the prime factors of 1124036671.
59, 19051469
List the prime factors of 13497703.
79, 170857
What are the prime factors of 763810639?
127, 6014257
What are the prime factors of 670298986?
2, 7, 19, 2519921
List the prime factors of 761333839.
7, 29, 769, 4877
List the prime factors of 1082154185.
5, 7, 67, 541, 853
List the prime factors of 247548162.
2, 3, 43, 959489
List the prime factors of 948368088.
2, 3, 139, 10529
List the prime factors of 46809439.
23, 2035193
What are the prime factors of 4570176960?
2, 3, 5, 1586867
What are the prime factors of 15018942?
2, 3, 31, 80747
What are the prime factors of 2960744950?
2, 5, 73, 811163
What are the prime factors of 36398871?
3, 4044319
What are the prime factors of 2166260048?
2, 59, 2294767
What are the prime factors of 22892722?
2, 11446361
List the prime factors of 3898945798.
2, 11, 177224809
What are the prime factors of 36470597?
3709, 9833
What are the prime factors of 3207819955?
5, 641563991
What are the prime factors of 45223450?
2, 5, 71, 12739
What are the prime factors of 366179565?
3, 5, 37, 659783
What are the prime factors of 1048314118?
2, 37, 14166407
What are the prime factors of 2686007888?
2, 17, 47, 163, 1289
What are the prime factors of 517914019?
7, 8209, 9013
List the prime factors of 1330307459.
13, 29, 61, 57847
List the prime factors of 55043618.
2, 7, 3931687
List the prime factors of 35607581.
83, 429007
List the prime factors of 63438350.
2, 5, 37, 53, 647
List the prime factors of 2038355622.
2, 3, 113241979
List the prime factors of 239173207.
7, 13, 2628277
List the prime factors of 581489774.
2, 43, 443, 15263
What are the prime factors of 323167958?
2, 47, 3437957
What are the prime factors of 24648972?
2, 3, 439, 4679
List the prime factors of 470066240.
2, 5, 7, 209851
What are the prime factors of 82053799?
19, 4318621
What are the prime factors of 50519035?
5, 7, 1443401
What are the prime factors of 2255766196?
2, 479, 1177331
What are the prime factors of 131372675?
5, 7, 107243
List the prime factors of 25263828.
2, 3, 53, 13241
List the prime factors of 314054801.
314054801
What are the prime factors of 24244497?
3, 2693833
List the prime factors of 951331326.
2, 3, 11, 149, 96739
List the prime factors of 2618254760.
2, 5, 11, 5950579
What are the prime factors of 51796295?
5, 43, 240913
What are the prime factors of 241492221?
3, 53, 347, 1459
What are the prime factors of 1550564872?
2, 23, 8426983
What are the prime factors of 344122661?
19, 31, 584249
What are the prime factors of 8237482174?
2, 4999, 823913
What are the prime factors of 333733248?
2, 3, 271, 1069
List the prime factors of 110536771.
17, 6502163
What are the prime factors of 199486666?
2, 99743333
List the prime factors of 197918763.
3, 7, 19, 401, 1237
List the prime factors of 175306735.
5, 35061347
List the prime factors of 34266104.
2, 227, 18869
What are the prime factors of 59472259?
7, 11, 772367
What are the prime factors of 1626045524?
2, 61, 6664121
What are the prime factors of 364560139?
364560139
List the prime factors of 576935413.
37, 15592849
List the prime factors of 380055806.
2, 13, 14617531
What are the prime factors of 68344707?
3, 23, 990503
List the prime factors of 249381758.
2, 124690879
List the prime factors of 1276272983.
593, 2152231
What are the prime factors of 226461126?
2, 3, 37743521
List the prime factors of 1514141896.
2, 1289, 146833
What are the prime factors of 539710046?
2, 37, 7293379
List the prime factors of 121707178.
2, 31, 1963019
What are the prime factors of 89019255?
3, 5, 13, 307, 1487
What are the prime factors of 417097674?
2, 3, 7, 41, 8971
List the prime factors of 211991.
13, 23, 709
What are the prime factors of 28444536?
2, 3, 17, 1367
List the prime factors of 1311610006.
2, 7, 23, 177101
What are the prime factors of 684125892?
2, 3, 23, 29, 9497
List the prime factors of 2543841193.
23, 67, 239, 6907
What are the prime factors of 1853134741?
1853134741
What are the prime factors of 149041067?
7, 137, 155413
What are the prime factors of 83648676?
2, 3, 79, 88237
List the prime factors of 3568246304.
2, 7, 29, 103, 5333
List the prime factors of 221652215.
5, 1367, 32429
List the prime factors of 19745825.
5, 11, 59, 1217
List the prime factors of 1028718432.
2, 3, 7, 71, 7187
List the prime factors of 31913116.
2, 7978279
What are the prime factors of 1982941886?
2, 991470943
List the prime factors of 1624357011.
3, 157, 461, 7481
What are the prime factors of 79531463?
11, 37, 263, 743
What are the prime factors of 431696687?
59, 7316893
What are the prime factors of 7088782050?
2, 3, 5, 7, 47, 47881
What are the prime factors of 100155990?
2, 3, 5, 11, 223, 1361
List the prime factors of 511707016.
2, 79, 283, 2861
List the prime factors of 2909844936.
2, 3, 61, 223, 2971
List the prime factors of 110978000.
2, 5, 7, 7927
List the prime factors of 35465370.
2, 3, 5, 151, 7829
List the prime factors of 110390653.
1091, 101183
List the prime factors of 1584444012.
2, 3, 61, 541, 4001
List the prime factors of 52051379.
211, 246689
List the prime factors of 3056857824.
2, 3, 157, 202817
List the prime factors of 6926967996.
2, 3, 13, 44403641
What are the prime factors of 438496897?
283, 1549459
List the prime factors of 2181786219.
3, 313, 431, 599
List the prime factors of 195149990.
2, 5, 7, 29, 251, 383
What are the prime factors of 5064288479?
3929, 1288951
List the prime factors of 80589841.
80589841
List the prime factors of 112848693.
3, 113, 332887
What are the prime factors of 110352381?
3, 47, 782641
What are the prime factors of 161716765?
5, 7, 43, 107453
What are the prime factors of 21044746?
2, 10522373
List the prime factors of 180792909.
3, 11, 17, 71